 k(-6)?
3
Suppose -j - 20 = -6*j. Suppose -5*g = -j*g - 4. What is the units digit of g?
4
Suppose 7 = g + 1. Suppose g*d - 300 = 2*d. Suppose -10 + d = 5*o. What is the units digit of o?
3
Let s be -1 - (-33 - (-4)/2). Let x be 0 + -2*s/(-4). What is the units digit of x/(5 + -2) + -2?
3
Let u be (-40)/15*42/(-4). Let d = u - 7. Suppose 3*o + 6 = -3, -2*h + d = -3*o. What is the units digit of h?
6
Let z(a) = -a**2 + a - 8 + 8. Let x be z(6). What is the tens digit of (x/8)/(15/(-40))?
1
Let t be (0/(-2))/(1 - 2). Suppose -3*h + h + 4 = 0. Suppose -2*n - h*n + 16 = t. What is the units digit of n?
4
Let d = -178 - -199. What is the tens digit of d?
2
Let c(p) = 2*p**3 - 3*p**2 + 2*p**2 - 2 - 3*p**3. Let a be c(-2). Suppose 0 = -2*f - 2*i - a*i + 38, 5*f + 5*i - 70 = 0. What is the units digit of f?
9
Let g(f) = f**3 + 6*f**2 + 4*f + 1. Let m be g(-5). Suppose -2*k + 0 = -m. What is the tens digit of (33/3 - -1) + k?
1
Let t be (-1476)/(-15) - (-2)/(-5). What is the tens digit of 10/25 - t/(-5)?
2
Let p = -11 - -19. Suppose -3*f - p = -41. What is the tens digit of f?
1
Suppose 0 = -f - 1 + 3. Suppose 0 = -2*a - 3*n + 11, -4*n = -2 - f. Suppose -3*b - a = -19. What is the units digit of b?
5
What is the tens digit of 4 + (-28)/((-1)/1)?
3
Let w(c) = c**3 + 2*c**2 - 5*c + 4. What is the units digit of w(3)?
4
Let a(d) = -3*d - 3. Let o(w) = -7*w - 5. Let f(g) = 9*a(g) - 4*o(g). Let q = 22 + -14. What is the units digit of f(q)?
1
Suppose -2 = -f + 3. What is the units digit of f?
5
Let p be (10/15)/(2/(-6)). Let o = 3 - p. What is the units digit of o?
5
Let z(c) = -c + 5. Let f be z(-3). What is the units digit of 260/f*8/10?
6
Suppose -3*y = -2 - 4. What is the units digit of y?
2
Let u = 2 - -1. Suppose -u*h - 20 = -3*v - v, 0 = 3*v - 6. What is the units digit of (-6)/h - (-2)/(-4)?
1
What is the tens digit of (-8)/(-14) - 345/(-21)?
1
Let u(w) = -w**3 - 6*w**2 - 4. Let c be u(-6). Let g be (-17)/c + 2/(-8). Suppose o - g*o = -30. What is the units digit of o?
0
Suppose y = q - 4*q + 48, -4*q = 20. What is the units digit of y?
3
Let o(d) = d + 1. Let h be o(-1). Let f = 9 - 6. Suppose -f*w + 11 + 7 = h. What is the units digit of w?
6
Let r be 4 + 0 + 4 + -6. Suppose 2*p = -2*p + 20. Suppose -r*i - 60 = -p*i. What is the units digit of i?
0
What is the hundreds digit of 100*2/((-20)/(-15))?
1
Let g(i) = 2*i - 11. Let f be g(7). Suppose c - u + 3*u = f, 3*c - 4*u = 49. What is the units digit of c?
1
Let o(p) = p**3 + p**2 - p + 27. What is the tens digit of o(0)?
2
Suppose 4*b + 4*c = 228, -b - 4*c = -0*c - 51. What is the tens digit of b?
5
Let b = 7 + -5. Suppose b*m - 45 = -5*l, -5*l + 52 = m + 7. What is the units digit of l?
9
Suppose -n = -5*c - 0*n + 24, 8 = -2*c - 4*n. Suppose 0 = 4*s - 3*w - 20, 7*w + 10 = -s + c*w. What is the units digit of s?
2
Suppose -t + 5*t = 104. What is the tens digit of t?
2
Let i = 123 - 82. What is the tens digit of i?
4
Suppose -3*f = 4*w - 202, -4*w - 2*f = -w - 152. What is the units digit of w?
2
Let p(w) = 5*w**2 - 3*w + 1. Let i be p(-3). Suppose -4*k - i = -3*t, 3*t - 29 = 2*t + 4*k. What is the tens digit of t?
1
Let n = -7 + 10. Let m(u) = u**2 - u - 2. Let x be m(n). What is the tens digit of (10/3)/(x/12)?
1
Suppose -3*i - 3*l = 2*l + 47, -67 = 5*i - 3*l. Let r = 29 + i. What is the tens digit of r?
1
Let h(g) = 6*g + g**2 - 6*g + 4 - g. Let f = -1 - -4. What is the units digit of h(f)?
0
Let a(j) be the first derivative of j**3/3 - 2*j**2 + 4*j + 2. What is the units digit of a(-4)?
6
Let d(o) = -o + 3. Let a be d(0). Suppose 0 = x - 3 - a. What is the units digit of x?
6
Let v be 294/(-4) - 51/(-34). Let j = -48 - v. What is the tens digit of j?
2
Let k = -34 + 88. What is the units digit of k?
4
Suppose 16 = 5*h - 3*q, -4*h + 3*q + 4 + 10 = 0. Suppose -2*w + f + 36 = h*f, 2*f = -2*w + 36. Suppose 3 = -t + w. What is the tens digit of t?
1
Let s(t) = -t**3 - 8*t**2 - 3*t - 5. Let m be s(-8). Suppose 5*z - 3*z = v + m, 3*z - 29 = v. What is the tens digit of z?
1
Let y(d) = 2*d. Let o be y(1). What is the tens digit of (0 - o)/(6/(-117))?
3
Let x be 3 - -1*(-3 - -4). Let i(w) = -3*w + 4*w + x*w. What is the units digit of i(2)?
0
Let b be ((-6)/(-4))/(3/10). Suppose -b*r = -3*r - 20. What is the units digit of r?
0
What is the tens digit of (-1101)/(-7) - -6 - (-2)/(-7)?
6
Let z(t) = t + 1. Let k be z(-6). Let d = 11 + k. What is the units digit of d?
6
Let g = 2 - -75. What is the units digit of g?
7
Suppose f = 3*f. Suppose f = 2*r - 2 - 2. What is the units digit of r?
2
Suppose 5*l = -3*h + 210, -2*h + 0*l = 2*l - 140. Let b be -2 + h + -2 - 2. What is the units digit of b/10 - (-12)/(-30)?
6
Let t = 582 + -341. What is the units digit of t?
1
Let n = -1 - 3. What is the units digit of 1*n/8*-58?
9
Suppose a - 7 = -4. Suppose 4*d - 33 = -s, -5*s = -a*s + 3*d - 46. What is the units digit of s?
7
Suppose 20 = -b + 5*h, 4*b + 6 + 5 = -3*h. Suppose 2*z + 74 = 5*f, -2*f - 32 = -5*f - 5*z. Let k = f - b. What is the units digit of k?
9
Suppose -5 + 13 = 4*l. What is the units digit of (85/15)/(l/6)?
7
Let j = 196 - 50. Suppose r = -5*s + s + 38, -2*s - j = -5*r. Let i = r - 18. What is the tens digit of i?
1
Let r = -105 - -219. What is the tens digit of r?
1
Suppose 0 = 2*c - 5 - 3. Let l = 49 - 29. Suppose -c*r = 4 - l. What is the units digit of r?
4
Suppose -2*n + 8 - 6 = 0. Let u be (14/4)/(n/(-8)). What is the tens digit of u/(-2 - (0 + 0))?
1
Suppose -2*x + 656 = 6*x. What is the tens digit of x?
8
Let b be (2 + -2 - 1) + 22. Suppose -5*x - 2*v = -b, 0 = -0*x - x + 3*v + 11. What is the units digit of x?
5
Let s(k) = -10*k - 14. Let d(h) = -7*h - 9. Let x(a) = 7*d(a) - 5*s(a). Let l be x(-6). What is the units digit of 1*-2*l + 3?
1
Suppose 5*s + 11 = 1. Let n(c) = -9*c - 2. What is the tens digit of n(s)?
1
Let n be (7/(-2))/((-2)/(-4)). Let o(k) = 2*k + 2. Let q be o(6). Let r = n + q. What is the units digit of r?
7
Let v(u) = u + 21. What is the units digit of v(9)?
0
Let x = -1 - 1. What is the tens digit of (-3 - x)/((-4)/184)?
4
Let d = 6 + 4. Let q = -7 + d. Let u = 10 + q. What is the tens digit of u?
1
Let z(x) = x**3 + 4*x**2 - 10*x - 9. Suppose p - 2*h + 6 = 0, -5*p - 20 = 5*h + 10. Let u be z(p). Let k = -15 - u. What is the units digit of k?
6
Let y be -1*2 + 0/(-1). Let o be 3 - (0 - y) - -15. What is the units digit of (o/(-10))/(2/(-5))?
4
What is the tens digit of (-691)/(-5) + (-24)/120?
3
Suppose 0 = 4*x + x - 445. What is the units digit of x?
9
Let x be 18/(-45) + 84/10. Suppose -5*o + 92 = 4*d, -4*d - 3*o + x*o + 132 = 0. What is the units digit of d?
8
Let t = -2 - -4. Suppose -t*s = -4*s + 10. What is the units digit of s?
5
Suppose 3*j = 2*l - 26, -5*l + 99 = -0*l + j. Let s = -9 + l. Let v = s + -7. What is the units digit of v?
3
Suppose 43 + 11 = 3*o. What is the tens digit of o?
1
Let w(s) = s - 2. Let x(c) = -c**3 + c + 4. Let f be x(0). Let k be w(f). What is the units digit of (-1)/k - (-45)/10?
4
Suppose -3*y - 2*f + 1052 = -4*f, -5*f + 1418 = 4*y. What is the tens digit of y/10 + (-1)/5?
3
What is the units digit of (1 - -8)*(-2)/(10/(-15))?
7
Let h = 7 + -3. Suppose h*r - 6*r + 40 = 0. What is the units digit of (-3)/1 - r/(-4)?
2
Let w = -1 - 3. Let b be -9*(w + -2 + 5). Suppose 0 = 2*c + c - b. What is the units digit of c?
3
Suppose 5 - 3 = d. Suppose 2*s = -d*c + s + 100, 0 = -2*s - 4. What is the units digit of c?
1
Suppose 0*o - 3*o = -24. Let f be 2/o - 30/(-8). Suppose 5*w - f*v - 46 = 0, w = 5*v + 2 + 3. What is the tens digit of w?
1
Suppose o + 10 = -6. Let k = -7 - o. What is the units digit of k?
9
Let l be (12/(-10))/(2/(-5)). Suppose -a + 2*m + 14 = 0, -l*a - m + 0*m = -7. What is the units digit of a?
4
Suppose -3*m = 5*v - 229, -2*v = 5*m + 82 - 470. What is the tens digit of m?
7
Let w(l) = l**3 + 2*l**2 - 6*l + 1. Let q be w(4). Let g = -20 - -38. Suppose g = -5*a + q. What is the units digit of a?
1
Suppose 2*l + 34 = -2*l - 2*n, 0 = -5*l + 3*n - 15. Let w = 7 + l. What is the units digit of w?
1
Let j(z) = z**2 + 9*z - 4. What is the tens digit of j(-15)?
8
Let w = 42 - 28. What is the tens digit of w?
1
Let a(k) = k**2 - k - 8. Let t(b) = b**2 - 8. Let g(n) = -7*a(n) + 6*t(n). What is the units digit of g(6)?
4
Let m = 47 